st the prime factors of 5468195752.
2, 101, 6767569
What are the prime factors of 1321165345?
5, 41, 101, 63809
List the prime factors of 1074444969.
3, 13, 101, 272771
List the prime factors of 254015136.
2, 3, 293999
List the prime factors of 446278180.
2, 5, 521, 42829
What are the prime factors of 332370384?
2, 3, 67, 103349
What are the prime factors of 380446810?
2, 5, 967, 39343
What are the prime factors of 40059956?
2, 17, 577, 1021
List the prime factors of 108863333.
761, 143053
What are the prime factors of 153774368?
2, 11, 37, 11807
List the prime factors of 75084547.
75084547
What are the prime factors of 409951583?
17, 3671, 6569
What are the prime factors of 110322675?
3, 5, 137, 1193
List the prime factors of 71170282.
2, 401, 88741
List the prime factors of 140665613.
11, 12787783
What are the prime factors of 56158097?
73, 769289
What are the prime factors of 49146488?
2, 6143311
List the prime factors of 1731500.
2, 5, 3463
List the prime factors of 1600470898.
2, 13, 4735121
List the prime factors of 400356880.
2, 5, 7, 11, 103, 631
List the prime factors of 512261009.
13, 139, 283487
List the prime factors of 2029072597.
8389, 241873
What are the prime factors of 90155123?
90155123
List the prime factors of 338625440.
2, 5, 2116409
What are the prime factors of 2603314185?
3, 5, 103, 1684993
List the prime factors of 114664419.
3, 971, 13121
What are the prime factors of 127516576?
2, 11, 32933
List the prime factors of 3321700.
2, 5, 59, 563
List the prime factors of 188054319.
3, 107, 585839
List the prime factors of 94041532.
2, 13, 1808491
List the prime factors of 265715805.
3, 5, 17714387
What are the prime factors of 1101273572?
2, 7, 5701, 6899
What are the prime factors of 608141118?
2, 3, 13, 1787, 4363
What are the prime factors of 325374277?
12659, 25703
What are the prime factors of 32052540?
2, 3, 5, 13, 29, 109
What are the prime factors of 202792127?
23, 8817049
List the prime factors of 1799852276.
2, 41, 10974709
What are the prime factors of 882314687?
882314687
What are the prime factors of 472843220?
2, 5, 23642161
List the prime factors of 579171824.
2, 7, 11, 42737
List the prime factors of 118423130.
2, 5, 7, 1691759
List the prime factors of 73144070.
2, 5, 59, 123973
What are the prime factors of 37001504?
2, 1156297
List the prime factors of 164909365.
5, 151, 218423
List the prime factors of 160360188.
2, 3, 151, 88499
What are the prime factors of 785723650?
2, 5, 59, 83, 3209
List the prime factors of 872712802.
2, 13, 239, 140443
List the prime factors of 65734611.
3, 281, 77977
List the prime factors of 14030883.
3, 149, 10463
What are the prime factors of 347311541?
647, 536803
List the prime factors of 144907778.
2, 139, 521251
What are the prime factors of 3302496432?
2, 3, 17, 1349059
List the prime factors of 45938114.
2, 17, 1351121
List the prime factors of 1705241545.
5, 7, 19, 47, 54559
What are the prime factors of 448788826?
2, 224394413
List the prime factors of 400092967.
2339, 171053
List the prime factors of 510197415.
3, 5, 7, 13, 139, 2689
What are the prime factors of 3072543342?
2, 3, 11, 46553687
List the prime factors of 138030728.
2, 11, 23, 47, 1451
What are the prime factors of 39729585?
3, 5, 7, 367, 1031
List the prime factors of 306036926.
2, 13, 199, 59149
List the prime factors of 374406008.
2, 29, 149, 10831
What are the prime factors of 4819739281?
7, 53, 127, 102293
List the prime factors of 44243245.
5, 197, 44917
What are the prime factors of 7225649016?
2, 3, 2111, 142619
List the prime factors of 274410.
2, 3, 5, 3049
What are the prime factors of 5451242?
2, 2725621
List the prime factors of 13824952.
2, 1728119
What are the prime factors of 1792017118?
2, 11633, 77023
List the prime factors of 2490188975.
5, 99607559
What are the prime factors of 19664693?
19664693
List the prime factors of 185363153.
43, 83, 167, 311
What are the prime factors of 363322804?
2, 13, 6986977
What are the prime factors of 260044877?
23, 11306299
What are the prime factors of 54401108?
2, 53, 256609
List the prime factors of 449802420.
2, 3, 5, 823, 9109
What are the prime factors of 21464812?
2, 17, 41, 7699
What are the prime factors of 455971591?
31, 14708761
What are the prime factors of 82246720?
2, 5, 31, 8291
What are the prime factors of 639988695?
3, 5, 463, 3413
What are the prime factors of 88749272?
2, 23, 67, 313
List the prime factors of 753243505.
5, 7, 19, 1132697
What are the prime factors of 1158476154?
2, 3, 11, 89, 197221
What are the prime factors of 806615725?
5, 37, 872017
What are the prime factors of 768930860?
2, 5, 67, 573829
List the prime factors of 42956010.
2, 3, 5, 193, 2473
List the prime factors of 579346026.
2, 3, 7, 17, 79, 10271
List the prime factors of 29265218.
2, 14632609
List the prime factors of 346789904.
2, 2753, 7873
List the prime factors of 253082227.
103, 881, 2789
What are the prime factors of 2980785885?
3, 5, 7, 11, 127, 2903
What are the prime factors of 48137160?
2, 3, 5, 23, 107, 163
What are the prime factors of 565961896?
2, 6737, 10501
List the prime factors of 166092132.
2, 3, 13841011
What are the prime factors of 1226779407?
3, 7, 2687, 7247
List the prime factors of 42129804.
2, 3, 83, 42299
List the prime factors of 2772247501.
2772247501
What are the prime factors of 36164774?
2, 127, 142381
List the prime factors of 46326536.
2, 1601, 3617
What are the prime factors of 59525060?
2, 5, 7, 193, 2203
What are the prime factors of 4408075850?
2, 5, 59, 1494263
List the prime factors of 44608806.
2, 3, 11, 25033
List the prime factors of 17507325.
3, 5, 11, 21221
List the prime factors of 177336452.
2, 17, 47, 55487
What are the prime factors of 1189869261?
3, 7, 173, 327517
List the prime factors of 1465458878.
2, 13, 5791, 9733
What are the prime factors of 2832094763?
61, 46427783
What are the prime factors of 1418051486?
2, 709025743
What are the prime factors of 7619778810?
2, 3, 5, 7, 19, 30313
List the prime factors of 5842244267.
2339, 2497753
What are the prime factors of 3848022?
2, 3, 313, 683
What are the prime factors of 290403050?
2, 5, 7, 829723
List the prime factors of 1094965057.
7529, 145433
List the prime factors of 1324142670.
2, 3, 5, 44138089
What are the prime factors of 15987467?
79, 157, 1289
List the prime factors of 3059027667.
3, 113297321
List the prime factors of 1652147111.
41, 53, 331, 2297
What are the prime factors of 1287286?
2, 7, 11, 13, 643
What are the prime factors of 433916906?
2, 149, 269, 5413
List the prime factors of 199372676.
2, 191, 260959
List the prime factors of 232736764.
2, 13, 4475707
What are the prime factors of 222947306?
2, 111473653
List the prime factors of 119595241.
31, 3857911
List the prime factors of 247655269.
17, 353, 41269
What are the prime factors of 6947782499?
7, 992540357
What are the prime factors of 2758310162?
2, 139, 1327, 7477
List the prime factors of 103505685.
3, 5, 6900379
What are the prime factors of 210922139?
53, 3979663
List the prime factors of 23710557.
3, 13, 53, 11471
List the prime factors of 36936648.
2, 3, 7, 17, 479
List the prime factors of 47944838.
2, 23972419
List the prime factors of 31748011.
29, 1094759
List the prime factors of 798230024.
2, 467, 213659
List the prime factors of 51220510.
2, 5, 11, 42331
List the prime factors of 5885246.
2, 47, 137, 457
List the prime factors of 505687701.
3, 168562567
List the prime factors of 56906573.
103, 552491
List the prime factors of 1571126103.
3, 174569567
What are the prime factors of 20176304?
2, 83, 15193
What are the prime factors of 820500424?
2, 71, 1444543
What are the prime factors of 2432817737?
7, 347545391
What are the prime factors of 1116872622?
2, 3, 62048479
List the prime factors of 240055096.
2, 17, 103, 17137
List the prime factors of 331534694.
2, 151, 1097797
List the prime factors of 862383685.
5, 19, 9077723
What are the prime factors of 305316020?
2, 5, 15265801
List the prime factors of 5330348073.
3, 197420299
What are the prime factors of 6258335614?
2, 31, 100940897
What are the prime factors of 86303868?
2, 3, 7, 1027427
What are the prime factors of 5797941?
3, 29, 66643
List the prime factors of 63635670.
2, 3, 5, 7, 101009
What are 